10*k - 1/2*k**2 - 17. Let n(u) = -u**2 - 6*u - 1. Let m be n(-4). Calculate d(m).
3
Let n be (-22)/(-5) - 14/35. Let b(d) be the first derivative of -d**4/24 + 3*d**3/2 - 15*d**2 + 6. Let v(i) be the second derivative of b(i). What is v(n)?
5
Let j(p) = -3 + p**3 - 6*p**2 + 5*p + 0*p + 13*p**2 + 3 + 4. Give j(-6).
10
Let s be (12/16 + -1)*-8 + -2. Suppose s - 20 = 4*m. Let w(n) = -n + 2. What is w(m)?
7
Let s(z) = -5*z**2 - 22*z**3 + 23*z**3 + 2*z - 3 - 2*z**2 + z. Give s(7).
18
Let b(m) be the first derivative of 2*m**3/3 - 11*m**2/2 + m - 16. Let s be b(5). Let d(k) = -k**2 - 3*k + 2. Calculate d(s).
-2
Suppose 0 = -j + 82 - 79. Let a(o) be the third derivative of 0*o + 8*o**2 - 1/2*o**j - 1/4*o**4 + 0. Give a(-3).
15
Let b(y) = -y - 1. Suppose -5*q + 37 = 3*a, a + 3*q - 6 = 13. Suppose 0 = 6*n - a*n - 2. Give b(n).
-2
Let l(o) = -38 + 22*o - 24*o + 36. Suppose 4*b - 2 = -4*h + 6, -40 = 5*h - 5*b. Give l(h).
4
Let v(l) = l**3 + 9*l**2 - 2*l - 3. Let w(g) = -g**3 - 7*g**2 + 3*g + 4. Let h(p) = -2*v(p) - 3*w(p). Calculate h(-4).
-2
Let d(s) = s**3 - 5*s**2 + 6*s - 3. Let n(f) = 4*f**3 - 18*f**2 + 26*f - 13. Let r(x) = 9*d(x) - 2*n(x). What is r(9)?
17
Suppose -6*c + 20 = -w - c, 4*w = -4*c + 16. Let v = w - 0. Suppose v = 4*o - 0*o + 8. Let d(i) = -i**3 - i - 2. Give d(o).
8
Let f(k) = -k**3 + 12*k**2 - 10*k + 5. Let d = 771 - 760. What is f(d)?
16
Suppose -3*u - 76 = 5*j, 0*u = 4*j + u + 58. Let b = 15 + j. Let h(m) = -2*m**3 - m**2 + m. Calculate h(b).
-2
Let x(t) = t - 4*t - 102*t**2 - 105*t**2 - 4 + 206*t**2. Calculate x(-2).
-2
Let t(d) = -5*d. Let o(g) = -17*g + 25. Let h(q) = -o(q) + 4*t(q). Determine h(-9).
2
Let f(b) = -29*b**3 + 8*b + 8 + 28*b**3 - b + 6*b**2. Give f(7).
8
Let m(v) = v**3 + v**2 + v. Let q(z) = 3*z**3 - 4*z**2 - 2*z + 7. Let t(r) = 4*m(r) - q(r). Let k be t(-7). Let u(p) = p**2 - p - 5. Give u(k).
-5
Suppose r - j - 7 = -9, -2*j - 8 = 4*r. Let y(u) = -4 - 3*u**2 + 4 - 2*u**3. Give y(r).
4
Let y(h) = 3734 - 1869 + h - 1862. Give y(-2).
1
Suppose 0 = -2*x - 2*i - 2*i + 16, -3*x + 5*i + 2 = 0. Let p(u) = u**3 - 4*u**2 - 3*u + 4. Calculate p(x).
-8
Suppose -z = 3*z - 56. Let a(m) = m - m + m**2 + z*m**3 + m + m**2. What is a(-1)?
-13
Let q(b) = 14*b**2 + b - 1. Let a be (-15)/(-13) + (11 - 290/26). Calculate q(a).
14
Let b be -4*(-4)/(-16)*17. Let w(p) = 3*p + 48. Calculate w(b).
-3
Suppose -2*x = 3*x - 20, -59 = -3*d - 5*x. Let i = -17 + d. Let a(r) = 3*r + 3. What is a(i)?
-9
Let m(y) = 12*y. Let l be m(-1). Let p be 9/l - 21/(-12). Let g(i) = i + 3*i - 3*i + p + 7. What is g(0)?
8
Suppose 0 = 3*z + z - 28. Let m(p) = -6 - z*p - 9 - p**2 + 10. Give m(-6).
1
Let n(m) be the second derivative of 39*m + 0 - 3*m**2 - 1/6*m**3. Give n(-5).
-1
Let l be ((-6)/8)/(6/(81 + -9)). Let n(m) = 2*m + 19. Give n(l).
1
Let a(l) = 3*l**2 + 8*l**2 - 6*l**2 - l**2. What is a(-1)?
4
Let p(k) = -4*k**3 + 2*k**2 - k - 7. Let r be p(3). Let m be 4/6 - r/(-15). Let c(z) = z - 4. Give c(m).
-10
Let x(v) = -4*v**3 + 2*v**2 + 4*v + 3. Let n be x(-1). Let f be (-88)/20 - ((-2)/n - -1). Let l(m) = -m**2 - 2*m + 3. Calculate l(f).
-12
Let h(b) = 9 - 8*b**2 - 7*b + 9*b**2 - 7*b + 23*b + 0. Determine h(-6).
-9
Let m(l) = -l**3 - 4*l**2 - l - 4. Suppose 4*h - 14 - 2 = 0, 2*h - 4 = -b. What is m(b)?
0
Let v(u) = -7*u + 2*u + 9 + 3*u. Let z(n) = 2*n**2 - 10*n + 9. Let m be z(1). Let w(h) = 13*h - 6. Let k be w(m). What is v(k)?
-5
Let b(j) = -12*j**2 + 92*j - 5. Let g(v) = -8*v**2 + 61*v - 3. Let u(z) = 5*b(z) - 8*g(z). Determine u(7).
-1
Suppose -679 + 1994 = 5*r. Let w(c) = 5*c + r - 263. Let m = -1 + 2. Give w(m).
5
Let b(g) = g**3 + 6*g**2 - g + 5. Let n(v) = -12*v - 66. Let t be n(-5). What is b(t)?
11
Suppose g = 3*m - 6*m + 10, -4*m + 4*g = 8. Let j(t) be the third derivative of -1/5*t**5 + 0*t + 0 + 7*t**m - 1/24*t**4 - 1/6*t**3. Calculate j(-1).
-12
Let m be (-3)/(-21) - (-774)/(-126). Let s(l) = -l**3 - 5*l**2 - 7. Give s(m).
29
Let i(q) = 6*q + 1. Let t(b) be the second derivative of b**3/6 + 4*b**2 + 10*b. Let k be t(9). Suppose 3*o + 2*d = -2*d - k, -4*d - 16 = 4*o. What is i(o)?
7
Suppose v = -3*p + 11, -10 - 96 = -5*v + 2*p. Let n = -13 + v. Let l(a) = -a - 2. Calculate l(n).
-9
Let t(u) = -2*u**2 + 30*u + u**2 - 27*u + 8*u. Calculate t(11).
0
Let l = -29 + 32. Let s be l/(12/(-4) + 4). Let i(m) = -2*m**3 + 3*m**2 + 2*m - 1. Calculate i(s).
-22
Let j(l) be the third derivative of l**6/120 + l**5/15 + l**4/24 - 2*l**3/3 - 143*l**2. Calculate j(-2).
2
Let u(w) = -3*w**3 + 2*w**2 - 10*w + 9. Let d(a) = 8*a**3 - 4*a**2 + 30*a - 26. Let y(v) = -4*d(v) - 11*u(v). What is y(7)?
-16
Let i(h) = 4*h**2 + 2*h - 4*h + h**3 + 45 - 48. Calculate i(-3).
12
Let w(f) be the first derivative of -f**2/2 - 19*f + 34. What is w(0)?
-19
Let c(g) = -9*g**2 - 1. Let q(j) = -j**2 + 39*j + 324. Let f be q(46). Give c(f).
-37
Let y(a) = 3*a + 6. Let p be (-16)/(-24)*(-4 + -5). Determine y(p).
-12
Let h(n) = -55*n**2 + 1. Let w = 622 + -621. Determine h(w).
-54
Let m(i) = i - 1. Let d be m(3). Let s be (-20)/(-8)*d*1. Let y(l) = -l + 4 + 0*l - l. Give y(s).
-6
Let f be (9/2 + -1)*10. Let v(z) = -14*z - 10*z + f*z - 10*z. What is v(-3)?
-3
Let v(s) = -s + 3. Let a(q) = -2*q**2 + 8*q + 15. Let i = -16 - -21. Let b be a(i). Calculate v(b).
-2
Let s(z) be the second derivative of 0 - 4*z + 0*z**2 - 7/6*z**3. Give s(-1).
7
Suppose -21*w = -18*w - 15. Let x(q) = -6*q**2 + 8*q - 12. Let s(n) = -n**2 - 1. Let g(u) = 5*s(u) - x(u). What is g(w)?
-8
Let n(c) = -58*c + 12. Let m be n(0). Let v(h) = -h**3 + 13*h**2 - 12*h - 7. Calculate v(m).
-7
Let x be 27/6*(-2)/(-3). Let k be x/(3/(-6) - -2). Let y(a) = k*a - 2*a**2 + a**2 + a**3 + 2 - 2*a**2. What is y(3)?
8
Let l(q) = 3*q**2 - 22*q - 3. Let i(b) = b**2 - 10*b. Let y(r) = -5*i(r) + 2*l(r). What is y(-9)?
21
Suppose h = 3*v + 6, -14*h - 10 = 5*v - 19*h. Let j(b) = -b**2 + 2*b - 1. What is j(v)?
-9
Let y(d) = 3*d**2 + 3*d + 1. Let b be (-18)/(-10) + 360/(-75). Give y(b).
19
Let k(z) = -2*z + 2. Suppose 2*v + n - 8 = v, -5*n = 2*v - 31. Suppose 0 = -5*w + 4*w - v. What is k(w)?
8
Let s(x) = 10*x + 7. Let r(k) = -3*k - 1. Let q(g) = 3*r(g) + s(g). Let m = 14 - 20. Give q(m).
-2
Let m(n) = 6*n + 8. Let v(l) = -l - 7 - l - 3*l. Let c(u) = -4*m(u) - 5*v(u). Calculate c(3).
6
Suppose -n = z - 1, -6 = 2*z - 0*z. Suppose -6*i = -3*i + 5*o - 34, 3*o = n*i - 26. Let s(p) = p. Calculate s(i).
8
Let w(s) = 9*s**3 - 25*s**2 + 44*s + 11. Let k(t) = 4*t**3 - 12*t**2 + 21*t + 5. Let x(y) = 7*k(y) - 3*w(y). Determine x(7).
9
Let u(d) be the third derivative of -d**6/360 + d**5/15 - 7*d**4/24 - 2*d**3/3 + 20*d**2. Let i(t) be the first derivative of u(t). Give i(7).
0
Let d(u) = u**2 - 11*u - 35. Let y be 0/(-8 + 4) - -12. Give d(y).
-23
Let k(o) be the third derivative of o**6/120 + o**5/6 - 13*o**3/6 + 9*o**2 + 4. Give k(-10).
-13
Let f(o) = -3*o**3 - 5*o**2 - o + 3. Let c(n) = 0*n**2 - 7*n**3 - 3*n + 5 - 4*n**2 - 8*n**2 + 3*n**2. Let a(r) = 2*c(r) - 5*f(r). Calculate a(-7).
2
Let p(t) be the first derivative of t**2/2 - 3*t + 5. Let s be p(4). Let d(u) = -u - 1. Let w(n) = 7*n + 2. Let v(i) = s*w(i) + 5*d(i). Give v(6).
9
Suppose 2*q + 2*q + 5*p - 61 = 0, 7*q - 2*p - 53 = 0. Let d(n) = n**3 - 10*n**2 + 11*n - 9. Calculate d(q).
9
Let q(x) = x + 4. Let w(h) = 9*h**3 - 2*h**2 - 2*h + 3. Let b(o) = o**3 - o + 1. Let t(a) = 2*b(a) - w(a). Let s be t(1). Calculate q(s).
-2
Suppose 0*o = 3*o - 6. Suppose 4*k - 6 - o = 0. Let u(x) = 1 - 4*x**2 - 2*x**k - x - x**2 + 0*x**2. Calculate u(1).
-7
Let i(y) = -3*y + 2*y + 1 + 0*y. Let s(g) = -g**2 - 18*g - 42. Let h be s(-15). What is i(h)?
-2
Let r(b) be the second derivative of -b**4/6 + 2*b**3/3 - 2*b**2 - 3*b - 9. Let f be r(3). Let p(s) = -s**2 - 9*s + 11. Give p(f).
1
Let l = 9 - 14. Let x = -8 - -12. Let f(k) = -2 + 2*k - 5 + k**2 + x*k + 3. Determine f(l).
-9
Let h(p) = -p - 6. Let b(d) = d**2 + 2*d. Let a be b(-3). Suppose 3*v + 3*f = -0*f - 6, a*v = f + 10. Let x be 3 + -2*6/v. Determine h(x).
-3
Let x = 28 + -49. Let u be ((-6)/10)/(x/(-105)). Let r(v) = -v**2 - v + 2. Give r(u).
-4
Let i be 2 - 1*0/4. Let w be 2 + -5 - 0 - -6. Let h(j) = -9 + j**i + w + 9 - 5*j. Determine h(3).
-3
Let w(o) = -2*o**2 + o - 2. Let a(g) = -g**2 + 13*g + 5. Let c be a(8). Let m be (54/c)/((-2)/(-5)). Determi